{"id":286,"date":"2021-09-02T07:56:35","date_gmt":"2021-09-02T05:56:35","guid":{"rendered":"http:\/\/sitp-kielce.pl\/?page_id=286"},"modified":"2021-11-05T11:44:56","modified_gmt":"2021-11-05T10:44:56","slug":"linki","status":"publish","type":"page","link":"http:\/\/sitp-kielce.pl\/index.php\/linki\/","title":{"rendered":"Linki"},"content":{"rendered":"\n<ul class=\"wp-block-list\"><li><a href=\"https:\/\/www.gov.pl\/web\/kwpsp-kielce\">KW PSP w Kielcach<\/a><\/li><li><a href=\"http:\/\/www.sitp.home.pl\/\">Zarz\u0105d G\u0142\u00f3wny SITP<\/a><\/li><li><a href=\"http:\/\/www.sitp.straz.bialystok.pl\/\">Oddzia\u0142 Bia\u0142ostocki<\/a><\/li><li><a href=\"http:\/\/www.sitp.wroclaw.pl\/\">Oddzia\u0142 Dolno\u015bl\u0105ski<\/a><\/li><li><a href=\"http:\/\/www.sitp.gdansk.pl\/\">Oddzia\u0142 Gda\u0144ski<\/a><\/li><li><a href=\"http:\/\/www.sitp.lodz.pl\/\">Oddzia\u0142 \u0141\u00f3dzki<\/a><\/li><li><a href=\"http:\/\/www.straz.krakow.pl\/sitp\">Oddzia\u0142 Ma\u0142opolski<\/a><\/li><li><a href=\"http:\/\/www.sitpplock.to2.pl\/\">Oddzia\u0142 P\u0142ocki<\/a><\/li><li><a href=\"http:\/\/www.podkarpacie.straz.pl\/sitp_info.html\">Oddzia\u0142 Podkarpacki<\/a><\/li><li><a href=\"http:\/\/www.sitp.katowice.pl\/\">Oddzia\u0142 \u015al\u0105ski<\/a><\/li><li><a href=\"http:\/\/www.sitp.waw.pl\/\">Oddzia\u0142 Sto\u0142eczny<\/a><\/li><li><a href=\"http:\/\/www.sitp.poznan.pl\/\">Oddzia\u0142 Wielkopolski<\/a><\/li><li><a href=\"http:\/\/www.sitp.szczecin.pl\/\">Oddzia\u0142 Zachodniopomorski<\/a><\/li><\/ul>\n","protected":false},"excerpt":{"rendered":"<p>KW PSP w Kielcach Zarz\u0105d G\u0142\u00f3wny SITP Oddzia\u0142 Bia\u0142ostocki Oddzia\u0142 Dolno\u015bl\u0105ski Oddzia\u0142 Gda\u0144ski Oddzia\u0142 \u0141\u00f3dzki Oddzia\u0142 Ma\u0142opolski Oddzia\u0142 P\u0142ocki Oddzia\u0142 Podkarpacki Oddzia\u0142 \u015al\u0105ski Oddzia\u0142 Sto\u0142eczny Oddzia\u0142 Wielkopolski Oddzia\u0142 Zachodniopomorski<\/p>\n","protected":false},"author":1,"featured_media":663,"parent":0,"menu_order":0,"comment_status":"closed","ping_status":"closed","template":"","meta":{"footnotes":""},"class_list":["post-286","page","type-page","status-publish","has-post-thumbnail","hentry"],"yoast_head":"<!-- This site is optimized with the Yoast SEO plugin v24.9 - https:\/\/yoast.com\/wordpress\/plugins\/seo\/ -->\n<title>Linki - Stowarzyszenie In\u017cynier\u00f3w i Technik\u00f3w Po\u017carnictwa - Oddzia\u0142 \u015awi\u0119tokrzyski<\/title>\n<meta name=\"robots\" content=\"index, follow, max-snippet:-1, max-image-preview:large, max-video-preview:-1\" \/>\n<link rel=\"canonical\" href=\"http:\/\/sitp-kielce.pl\/index.php\/linki\/\" \/>\n<meta property=\"og:locale\" content=\"pl_PL\" \/>\n<meta property=\"og:type\" content=\"article\" \/>\n<meta property=\"og:title\" content=\"Linki - Stowarzyszenie In\u017cynier\u00f3w i Technik\u00f3w Po\u017carnictwa - Oddzia\u0142 \u015awi\u0119tokrzyski\" \/>\n<meta property=\"og:description\" content=\"KW PSP w Kielcach Zarz\u0105d G\u0142\u00f3wny SITP Oddzia\u0142 Bia\u0142ostocki Oddzia\u0142 Dolno\u015bl\u0105ski Oddzia\u0142 Gda\u0144ski Oddzia\u0142 \u0141\u00f3dzki Oddzia\u0142 Ma\u0142opolski Oddzia\u0142 P\u0142ocki Oddzia\u0142 Podkarpacki Oddzia\u0142 \u015al\u0105ski Oddzia\u0142 Sto\u0142eczny Oddzia\u0142 Wielkopolski Oddzia\u0142 Zachodniopomorski\" \/>\n<meta property=\"og:url\" content=\"http:\/\/sitp-kielce.pl\/index.php\/linki\/\" \/>\n<meta property=\"og:site_name\" content=\"Stowarzyszenie In\u017cynier\u00f3w i Technik\u00f3w Po\u017carnictwa - Oddzia\u0142 \u015awi\u0119tokrzyski\" \/>\n<meta property=\"article:modified_time\" content=\"2021-11-05T10:44:56+00:00\" \/>\n<meta property=\"og:image\" content=\"http:\/\/sitp-kielce.pl\/wp-content\/uploads\/2021\/09\/Linki.jpg\" \/>\n\t<meta property=\"og:image:width\" content=\"1000\" \/>\n\t<meta property=\"og:image:height\" content=\"333\" \/>\n\t<meta property=\"og:image:type\" content=\"image\/jpeg\" \/>\n<meta name=\"twitter:card\" content=\"summary_large_image\" \/>\n<meta name=\"twitter:label1\" content=\"Szacowany czas czytania\" \/>\n\t<meta name=\"twitter:data1\" content=\"1 minuta\" \/>\n<script type=\"application\/ld+json\" class=\"yoast-schema-graph\">{\"@context\":\"https:\/\/schema.org\",\"@graph\":[{\"@type\":\"WebPage\",\"@id\":\"http:\/\/sitp-kielce.pl\/index.php\/linki\/\",\"url\":\"http:\/\/sitp-kielce.pl\/index.php\/linki\/\",\"name\":\"Linki - Stowarzyszenie In\u017cynier\u00f3w i Technik\u00f3w Po\u017carnictwa - Oddzia\u0142 \u015awi\u0119tokrzyski\",\"isPartOf\":{\"@id\":\"http:\/\/sitp-kielce.pl\/#website\"},\"primaryImageOfPage\":{\"@id\":\"http:\/\/sitp-kielce.pl\/index.php\/linki\/#primaryimage\"},\"image\":{\"@id\":\"http:\/\/sitp-kielce.pl\/index.php\/linki\/#primaryimage\"},\"thumbnailUrl\":\"http:\/\/sitp-kielce.pl\/wp-content\/uploads\/2021\/09\/Linki.jpg\",\"datePublished\":\"2021-09-02T05:56:35+00:00\",\"dateModified\":\"2021-11-05T10:44:56+00:00\",\"breadcrumb\":{\"@id\":\"http:\/\/sitp-kielce.pl\/index.php\/linki\/#breadcrumb\"},\"inLanguage\":\"pl-PL\",\"potentialAction\":[{\"@type\":\"ReadAction\",\"target\":[\"http:\/\/sitp-kielce.pl\/index.php\/linki\/\"]}]},{\"@type\":\"ImageObject\",\"inLanguage\":\"pl-PL\",\"@id\":\"http:\/\/sitp-kielce.pl\/index.php\/linki\/#primaryimage\",\"url\":\"http:\/\/sitp-kielce.pl\/wp-content\/uploads\/2021\/09\/Linki.jpg\",\"contentUrl\":\"http:\/\/sitp-kielce.pl\/wp-content\/uploads\/2021\/09\/Linki.jpg\",\"width\":1000,\"height\":333},{\"@type\":\"BreadcrumbList\",\"@id\":\"http:\/\/sitp-kielce.pl\/index.php\/linki\/#breadcrumb\",\"itemListElement\":[{\"@type\":\"ListItem\",\"position\":1,\"name\":\"Strona g\u0142\u00f3wna\",\"item\":\"http:\/\/sitp-kielce.pl\/\"},{\"@type\":\"ListItem\",\"position\":2,\"name\":\"Linki\"}]},{\"@type\":\"WebSite\",\"@id\":\"http:\/\/sitp-kielce.pl\/#website\",\"url\":\"http:\/\/sitp-kielce.pl\/\",\"name\":\"Stowarzyszenie In\u017cynier\u00f3w i Technik\u00f3w Po\u017carnictwa - Oddzia\u0142 \u015awi\u0119tokrzyski\",\"description\":\"SITP\",\"publisher\":{\"@id\":\"http:\/\/sitp-kielce.pl\/#organization\"},\"potentialAction\":[{\"@type\":\"SearchAction\",\"target\":{\"@type\":\"EntryPoint\",\"urlTemplate\":\"http:\/\/sitp-kielce.pl\/?s={search_term_string}\"},\"query-input\":{\"@type\":\"PropertyValueSpecification\",\"valueRequired\":true,\"valueName\":\"search_term_string\"}}],\"inLanguage\":\"pl-PL\"},{\"@type\":\"Organization\",\"@id\":\"http:\/\/sitp-kielce.pl\/#organization\",\"name\":\"STOWARZYSZENIE IN\u017bYNIER\u00d3W I TECHNIK\u00d3W PO\u017bARNICTWA ODDZIA\u0141 \u015aWI\u0118TOKRZYSKI\",\"url\":\"http:\/\/sitp-kielce.pl\/\",\"logo\":{\"@type\":\"ImageObject\",\"inLanguage\":\"pl-PL\",\"@id\":\"http:\/\/sitp-kielce.pl\/#\/schema\/logo\/image\/\",\"url\":\"http:\/\/sitp-kielce.pl\/wp-content\/uploads\/2021\/08\/sitp_logo_x500.png\",\"contentUrl\":\"http:\/\/sitp-kielce.pl\/wp-content\/uploads\/2021\/08\/sitp_logo_x500.png\",\"width\":500,\"height\":231,\"caption\":\"STOWARZYSZENIE IN\u017bYNIER\u00d3W I TECHNIK\u00d3W PO\u017bARNICTWA ODDZIA\u0141 \u015aWI\u0118TOKRZYSKI\"},\"image\":{\"@id\":\"http:\/\/sitp-kielce.pl\/#\/schema\/logo\/image\/\"}}]}<\/script>\n<!-- \/ Yoast SEO plugin. -->","yoast_head_json":{"title":"Linki - Stowarzyszenie In\u017cynier\u00f3w i Technik\u00f3w Po\u017carnictwa - Oddzia\u0142 \u015awi\u0119tokrzyski","robots":{"index":"index","follow":"follow","max-snippet":"max-snippet:-1","max-image-preview":"max-image-preview:large","max-video-preview":"max-video-preview:-1"},"canonical":"http:\/\/sitp-kielce.pl\/index.php\/linki\/","og_locale":"pl_PL","og_type":"article","og_title":"Linki - Stowarzyszenie In\u017cynier\u00f3w i Technik\u00f3w Po\u017carnictwa - Oddzia\u0142 \u015awi\u0119tokrzyski","og_description":"KW PSP w Kielcach Zarz\u0105d G\u0142\u00f3wny SITP Oddzia\u0142 Bia\u0142ostocki Oddzia\u0142 Dolno\u015bl\u0105ski Oddzia\u0142 Gda\u0144ski Oddzia\u0142 \u0141\u00f3dzki Oddzia\u0142 Ma\u0142opolski Oddzia\u0142 P\u0142ocki Oddzia\u0142 Podkarpacki Oddzia\u0142 \u015al\u0105ski Oddzia\u0142 Sto\u0142eczny Oddzia\u0142 Wielkopolski Oddzia\u0142 Zachodniopomorski","og_url":"http:\/\/sitp-kielce.pl\/index.php\/linki\/","og_site_name":"Stowarzyszenie In\u017cynier\u00f3w i Technik\u00f3w Po\u017carnictwa - Oddzia\u0142 \u015awi\u0119tokrzyski","article_modified_time":"2021-11-05T10:44:56+00:00","og_image":[{"width":1000,"height":333,"url":"http:\/\/sitp-kielce.pl\/wp-content\/uploads\/2021\/09\/Linki.jpg","type":"image\/jpeg"}],"twitter_card":"summary_large_image","twitter_misc":{"Szacowany czas czytania":"1 minuta"},"schema":{"@context":"https:\/\/schema.org","@graph":[{"@type":"WebPage","@id":"http:\/\/sitp-kielce.pl\/index.php\/linki\/","url":"http:\/\/sitp-kielce.pl\/index.php\/linki\/","name":"Linki - Stowarzyszenie In\u017cynier\u00f3w i Technik\u00f3w Po\u017carnictwa - Oddzia\u0142 \u015awi\u0119tokrzyski","isPartOf":{"@id":"http:\/\/sitp-kielce.pl\/#website"},"primaryImageOfPage":{"@id":"http:\/\/sitp-kielce.pl\/index.php\/linki\/#primaryimage"},"image":{"@id":"http:\/\/sitp-kielce.pl\/index.php\/linki\/#primaryimage"},"thumbnailUrl":"http:\/\/sitp-kielce.pl\/wp-content\/uploads\/2021\/09\/Linki.jpg","datePublished":"2021-09-02T05:56:35+00:00","dateModified":"2021-11-05T10:44:56+00:00","breadcrumb":{"@id":"http:\/\/sitp-kielce.pl\/index.php\/linki\/#breadcrumb"},"inLanguage":"pl-PL","potentialAction":[{"@type":"ReadAction","target":["http:\/\/sitp-kielce.pl\/index.php\/linki\/"]}]},{"@type":"ImageObject","inLanguage":"pl-PL","@id":"http:\/\/sitp-kielce.pl\/index.php\/linki\/#primaryimage","url":"http:\/\/sitp-kielce.pl\/wp-content\/uploads\/2021\/09\/Linki.jpg","contentUrl":"http:\/\/sitp-kielce.pl\/wp-content\/uploads\/2021\/09\/Linki.jpg","width":1000,"height":333},{"@type":"BreadcrumbList","@id":"http:\/\/sitp-kielce.pl\/index.php\/linki\/#breadcrumb","itemListElement":[{"@type":"ListItem","position":1,"name":"Strona g\u0142\u00f3wna","item":"http:\/\/sitp-kielce.pl\/"},{"@type":"ListItem","position":2,"name":"Linki"}]},{"@type":"WebSite","@id":"http:\/\/sitp-kielce.pl\/#website","url":"http:\/\/sitp-kielce.pl\/","name":"Stowarzyszenie In\u017cynier\u00f3w i Technik\u00f3w Po\u017carnictwa - Oddzia\u0142 \u015awi\u0119tokrzyski","description":"SITP","publisher":{"@id":"http:\/\/sitp-kielce.pl\/#organization"},"potentialAction":[{"@type":"SearchAction","target":{"@type":"EntryPoint","urlTemplate":"http:\/\/sitp-kielce.pl\/?s={search_term_string}"},"query-input":{"@type":"PropertyValueSpecification","valueRequired":true,"valueName":"search_term_string"}}],"inLanguage":"pl-PL"},{"@type":"Organization","@id":"http:\/\/sitp-kielce.pl\/#organization","name":"STOWARZYSZENIE IN\u017bYNIER\u00d3W I TECHNIK\u00d3W PO\u017bARNICTWA ODDZIA\u0141 \u015aWI\u0118TOKRZYSKI","url":"http:\/\/sitp-kielce.pl\/","logo":{"@type":"ImageObject","inLanguage":"pl-PL","@id":"http:\/\/sitp-kielce.pl\/#\/schema\/logo\/image\/","url":"http:\/\/sitp-kielce.pl\/wp-content\/uploads\/2021\/08\/sitp_logo_x500.png","contentUrl":"http:\/\/sitp-kielce.pl\/wp-content\/uploads\/2021\/08\/sitp_logo_x500.png","width":500,"height":231,"caption":"STOWARZYSZENIE IN\u017bYNIER\u00d3W I TECHNIK\u00d3W PO\u017bARNICTWA ODDZIA\u0141 \u015aWI\u0118TOKRZYSKI"},"image":{"@id":"http:\/\/sitp-kielce.pl\/#\/schema\/logo\/image\/"}}]}},"_links":{"self":[{"href":"http:\/\/sitp-kielce.pl\/index.php\/wp-json\/wp\/v2\/pages\/286","targetHints":{"allow":["GET"]}}],"collection":[{"href":"http:\/\/sitp-kielce.pl\/index.php\/wp-json\/wp\/v2\/pages"}],"about":[{"href":"http:\/\/sitp-kielce.pl\/index.php\/wp-json\/wp\/v2\/types\/page"}],"author":[{"embeddable":true,"href":"http:\/\/sitp-kielce.pl\/index.php\/wp-json\/wp\/v2\/users\/1"}],"replies":[{"embeddable":true,"href":"http:\/\/sitp-kielce.pl\/index.php\/wp-json\/wp\/v2\/comments?post=286"}],"version-history":[{"count":2,"href":"http:\/\/sitp-kielce.pl\/index.php\/wp-json\/wp\/v2\/pages\/286\/revisions"}],"predecessor-version":[{"id":1299,"href":"http:\/\/sitp-kielce.pl\/index.php\/wp-json\/wp\/v2\/pages\/286\/revisions\/1299"}],"wp:featuredmedia":[{"embeddable":true,"href":"http:\/\/sitp-kielce.pl\/index.php\/wp-json\/wp\/v2\/media\/663"}],"wp:attachment":[{"href":"http:\/\/sitp-kielce.pl\/index.php\/wp-json\/wp\/v2\/media?parent=286"}],"curies":[{"name":"wp","href":"https:\/\/api.w.org\/{rel}","templated":true}]}}